e
Is 1889336039 a composite number?
False
Is 26701090649 a composite number?
False
Is 6812129801 prime?
True
Is 2772822446 composite?
True
Is 159715469 a prime number?
True
Is 115218947 a prime number?
True
Is 3212375363 prime?
False
Is 11486998219 a composite number?
False
Is 407272633 composite?
True
Is 401004137 a composite number?
False
Is 5389921891 prime?
True
Is 106889129 composite?
False
Is 81633792479 prime?
False
Is 6942195649 a prime number?
False
Is 13775060417 composite?
False
Is 6317832359 a prime number?
False
Is 22404173531 a composite number?
False
Is 1548898313 composite?
True
Is 1697141359 a prime number?
True
Is 3172496423 composite?
True
Is 1070383703 a composite number?
False
Is 14926380823 a prime number?
False
Is 5712104549 a composite number?
False
Is 6313777 composite?
False
Is 1098133807 a prime number?
False
Is 311678347 prime?
False
Is 906463073 a composite number?
False
Is 465850447 prime?
True
Is 142619627 a composite number?
True
Is 1610360221 composite?
False
Is 2336300029 a composite number?
True
Is 22475088309 a composite number?
True
Is 43699326295 a prime number?
False
Is 11334891317 prime?
True
Is 34154111 composite?
False
Is 780036679 a prime number?
True
Is 27876154381 composite?
True
Is 3758397899 a prime number?
False
Is 39758951639 a prime number?
False
Is 13047031903 a composite number?
False
Is 4199203709 a prime number?
True
Is 2804841115 composite?
True
Is 1447851221 a composite number?
False
Is 2215866311 prime?
False
Is 32772200822 prime?
False
Is 155786287 composite?
False
Is 89802658007 composite?
False
Is 2939697685 prime?
False
Is 46005256991 a prime number?
True
Is 1899722689 a prime number?
True
Is 16994865317 a prime number?
True
Is 624772007 prime?
True
Is 2981703027 composite?
True
Is 1121293 prime?
True
Is 1335739813 composite?
False
Is 10472739161 a prime number?
True
Is 662154599 a composite number?
True
Is 5458295659 composite?
True
Is 2946288193 composite?
False
Is 17353602977 a composite number?
True
Is 6184435279 a composite number?
True
Is 3374418401 a prime number?
False
Is 757872607 a prime number?
True
Is 19475245477 a composite number?
False
Is 61168895911 a prime number?
False
Is 916256221 a prime number?
False
Is 6187537 composite?
False
Is 6625794853 a composite number?
False
Is 282396841 a composite number?
False
Is 1340989751 a composite number?
False
Is 10814486791 prime?
False
Is 487364303 composite?
False
Is 22629434627 prime?
True
Is 33974209261 prime?
True
Is 158194697 a prime number?
False
Is 244612577 a composite number?
True
Is 66720230069 prime?
True
Is 2879505281 prime?
True
Is 3817599473 composite?
False
Is 971135507 a prime number?
True
Is 1187458549 prime?
False
Is 2666506489 composite?
False
Is 116799869 a composite number?
False
Is 1607162387 a prime number?
True
Is 1541916463 prime?
True
Is 25654252667 composite?
True
Is 452113423 composite?
True
Is 8759988131 a prime number?
False
Is 3902138453 a composite number?
False
Is 20783266111 prime?
False
Is 20625372557 a composite number?
True
Is 5816762867 a prime number?
True
Is 19501073447 a prime number?
True
Is 28575918557 a prime number?
True
Is 4036887523 a prime number?
True
Is 107135104826 composite?
True
Is 494827895 a prime number?
False
Is 1865352101 a prime number?
True
Is 77626318349 composite?
True
Is 3913942723 prime?
True
Is 3946775593 a prime number?
False
Is 2935565497 composite?
True
Is 10857765979 a composite number?
False
Is 14983790671 a composite number?
True
Is 10248436207 prime?
False
Is 3240231457 a prime number?
True
Is 11500175333 a composite number?
True
Is 34912923487 prime?
False
Is 88104830773 a composite number?
True
Is 4848436121 a composite number?
False
Is 490319551 composite?
False
Is 2055577807 a prime number?
True
Is 7784158223 prime?
True
Is 416436323 a composite number?
True
Is 6703540829 prime?
False
Is 25719229 a composite number?
False
Is 15540018079 a prime number?
True
Is 3512139487 a composite number?
False
Is 4411108979 a composite number?
False
Is 681912877 prime?
False
Is 229786507 prime?
True
Is 17298913127 a composite number?
False
Is 469638227 a prime number?
False
Is 2288734373 a prime number?
True
Is 909710173 a composite number?
True
Is 18599349701 composite?
False
Is 1592136758 a prime number?
False
Is 4625386211 a prime number?
True
Is 1647463357 a composite number?
False
Is 25173623105 composite?
True
Is 21488131601 a prime number?
True
Is 69412727 a composite number?
True
Is 2363503 a prime number?
False
Is 146623121 a prime number?
False
Is 10130259053 a composite number?
False
Is 92701519 prime?
True
Is 130823593 a prime number?
True
Is 4958218649 a prime number?
False
Is 26000393233 a prime number?
False
Is 608017379 a composite number?
True
Is 78640406303 composite?
True
Is 2434425079 a composite number?
True
Is 3921483847 composite?
False
Is 4869647729 a prime number?
True
Is 100050883 prime?
True
Is 73330317997 a prime number?
True
Is 5244122411 a prime number?
False
Is 2163898043 composite?
False
Is 2718220097 prime?
False
Is 99218689447 a prime number?
True
Is 25375453027 a composite number?
False
Is 26878735097 composite?
False
Is 516568217 prime?
False
Is 13174260031 composite?
True
Is 10497768349 a composite number?
False
Is 141940931 composite?
True
Is 19068760001 a prime number?
False
Is 325301519 a composite number?
True
Is 83233256401 composite?
True
Is 2429027609 a prime number?
False
Is 1984231091 a prime number?
False
Is 1801256269 a composite number?
True
Is 468251221 prime?
True
Is 1706028811 a prime number?
True
Is 1801747547 a composite number?
False
Is 4638448289 a composite number?
False
Is 843444202 composite?
True
Is 69472869 prime?
False
Is 197626997 a prime number?
False
Is 30891641317 a composite number?
True
Is 28250307749 a prime number?
False
Is 17549471045 composite?
True
Is 897175297 a composite number?
True
Is 22055632507 prime?
True
Is 1522795061 a composite number?
True
Is 41166196343 prime?
False
Is 85843577153 prime?
True
Is 87015307 prime?
False
Is 3224392531 prime?
True
Is 318652513 prime?
True
Is 296347277 prime?
True
Is 55479965017 prime?
False
Is 724487237 prime?
True
Is 39942264749 a prime number?
True
Is 81833901085 a prime number?
False
Is 7246279921 prime?
False
Is 107865624761 prime?
True
Is 17965197229 a composite number?
True
Is 2915009987 prime?
True
Is 125224897291 a prime number?
False
Is 54379972033 prime?
True
Is 2362359157 a composite number?
False
Is 875875283 a prime number?
True
Is 51069467 a prime number?
True
Is 90830254 a prime number?
False
Is 13392045679 prime?
True
Is 24129657059 composite?
False
Is 6847093166 a prime number?
False
Is 16072410449 composite?
False
Is 22633113353 prime?
False
Is 5577742699 a composite number?
False
Is 1898115367 a prime number?
False
Is 5151225853 a composite number?
True
Is 41370241823 a composite number?
True
Is 1974803083 a composite number?
True
Is 550338409 a prime number?
True
Is 28841311657 a composite number?
False
Is 22311976831 prime?
True
Is 1101692933 composite?
True
Is 184487047 a composite number?
True
Is 11877634781 prime?
True
Is 80526504833 a composite number?
True
Is 2127973559 a prime number?
True
Is 67647211 prime?
False
Is 59588483397 composite?
True
Is 39604165829 prime?
True
Is 3194909981 composite?
True
Is 1899176509 a prime number?
True
Is 320275279 a prime number?
False
Is 114429979 a prime number?
False
Is 28113454555 prime?
False
Is 76891353509 prime?
False
Is 1210155991 prime?
False
Is 10199076983 composite?
False
Is 3116673591 a prime number?
False
Is 1286503871 a composite number?
False
Is 8006043751 a prime number?
False
Is 2183367509 a composite number?
False
Is 3778743713 prime?
True
Is 6488099711 a composite number?
True
Is 2927628581 prime?
True
Is 3427963891 a composite number?
True
Is 27346379729 a prime number?
True
Is 228428003 a prime number?
False
Is 141672569047 a prime number?
True
Is 353490617 prime?
False
Is 29014876171 composite?
True
Is 16044969659 composite?
True
Is 269180959 a composite number?
False
Is 13793930863 a composite number?
False
Is 58121142901 a composite number?
False
Is 81720659639 a composite number?
False
Is 201237821 prime?
True
Is 1113083609 composite?
True
Is 147507268939 composite